 - (11 - (-10 + 145)).
135
Evaluate -314 + 324 + (22 - 10).
22
Evaluate (36 + -16 - 7) + (-25 - -1) - -61.
50
What is the value of -10 + 18 - 149 - (115 + -155)?
-101
What is the value of -3 + -46 + -1 + (19 + -17 + -24 - -15)?
-57
What is the value of -8 + (-7 + 2 - -78) + -20?
45
Calculate -62 - (14 + (-30 - -61) + -44).
-63
What is (1 - -1) + -8 + -10 + 18 + -2?
0
Evaluate (12 - (2 + 9 - ((39 - 15) + -16))) + -4.
5
What is the value of (41 + -64 - -62) + -4?
35
Calculate -3 - (-20 - -19 - (0 - (-11 + 42))).
-33
Evaluate -44 + -53 + 56 + 7.
-34
(46 + -13 - 48) + (-19 - -105)
71
Evaluate 0 + 122 - (-44 - (-45 + (-20 - -1))).
102
-100 + 220 + 34 + -104
50
Evaluate 33 - 1 - (-54 + -13 - -52).
47
What is the value of (-2 + -4 - 0 - (276 - 288)) + -1 - 29?
-24
26 - (-95 - -159) - -34
-4
28 + -44 + (13 - (5 - 2) - 1) - -116
109
What is the value of -6 - (11 + -4 - 13) - -1 - (-12 - 52)?
65
What is the value of -1 - 74 - (124 - 174)?
-25
Calculate (-19 + 120 - 6) + (1 - -7 - 23).
80
What is the value of (-74 - -72) + (62 - (-6 - -3)) + 4?
67
(-13 - (-45 + 25)) + 19 - (-1 - 7)
34
Calculate (-5 - 41) + (60 - (77 - 44)).
-19
-47 + 82 - 111 - (1 - 4)
-73
What is -4 + (40 - 52) + 38?
22
What is (-2 - (6 + -2)) + -1 - (374 - 316)?
-65
Calculate -71 + (6 - ((-5 - -7) + 5)) - (-7 - -5).
-70
What is (37 - 0 - (13 + 4 + -4)) + -3?
21
Evaluate 14 - (-8 + (16 - (2 + (7 - 0)) - -73)).
-58
What is (3 - (7 + -7 - -1)) + (0 - (-35 - -4))?
33
What is -135 + 40 - (-1 + -6) - -10 - 0?
-78
What is -16 + -9 - (-461 + 465)?
-29
Calculate -16 - (93 + (0 + 8 - 22 - -1) + 1).
-97
(-6 - 1) + -2 - (171 + (-34 - -57 - 62))
-141
What is the value of -1 - (-15 + -29 + 4 - -8)?
31
What is the value of 112 + -91 - (-5 - (-15 - 3))?
8
What is the value of 105 + 0 - (-3147 + 3321)?
-69
Calculate (121 - (47 - 8)) + -41 + 13.
54
101 + (-101 - -8) - (-2 + -35)
45
What is the value of -14 + -1 + ((13 - 9) + -19 - -4) + 14?
-12
What is (1 - -6) + -3 + -30?
-26
Calculate 157 - (-2 + 0 + 2) - (36 - (-165 - -189)).
145
Calculate (-40 - -19) + (-8 - ((15 - 7) + 0 + -1)).
-36
Calculate 2 + 19 - (22 + -30 + -25).
54
Calculate 2 + -61 + (-4124 - -4062).
-121
What is (3 - 9) + (-1 - (-3 - -60) - -6) + -6?
-64
What is (26 - (-35 - (8 + -59))) + 14?
24
Evaluate 94 - (-11 + (11 + -13 - -7) + 16).
84
Evaluate (121 - (20 + 33)) + -32 + -1.
35
-67 - (22 + -1 + -229 + 227)
-86
-1 + -27 + -12 + -10
-50
Calculate (23 - -1) + (5 - (-1 + -1) - (867 + -855)).
19
What is the value of 47 - -2 - ((-8 - (-10 - 3)) + 9)?
35
What is the value of -2 + -14 + (-36 - -43)?
-9
-59 - (90 - (-25 + 81))
-93
What is 54 - (1 + (-22 - -7) + -14)?
82
What is -32 + 23 - 38 - -93?
46
Evaluate 136 + -7 + (306 - 377).
58
What is the value of (2 - 16) + (-60 - -57) + (-8 - -8) + -3?
-20
What is the value of (2 - (-14 - -50)) + -11?
-45
What is the value of (-31 + -24 - -21) + -2 + 5?
-31
What is 362 + -301 + 0 + 5 - 4?
62
What is the value of -3 - 12 - ((3 - 7 - -9) + -14) - -62?
56
Calculate (9436 - 9354) + -21 + (2 - 0) - 10.
53
What is -135 + (30 - (8 - (-10 - -28)))?
-95
What is the value of -2 + (8 - -2) - (-8 + 11) - 13?
-8
Calculate -135 + -5 + (-20 - (4 - 9 - 7)) - -5.
-143
What is 22 + (-7 + -49 - 7 - 5)?
-46
42 + 26 + (-15 - (12 - 31))
72
What is the value of (-29 - -18 - (-5 + 60)) + -188 + 179?
-75
What is the value of -7897 + 7855 - (-82 - -3)?
37
What is the value of 48 - 1 - (5699 - 5674)?
22
-35 + 93 - 132 - -107
33
(23 + -11 - 41) + 15 - (-68 - -1)
53
What is -41 + 33 + 24 + -12?
4
What is the value of -32 + (18 - (-35 + 16) - -66)?
71
What is the value of (-4 - 2 - (-96 + 97)) + -2?
-9
Calculate (-7 - 8) + (2 + 18 - (-4 + -86)).
95
Evaluate -10 + -8 + (5 + -2 + 14 + -7 - -42).
34
What is the value of (-1 - (30 + -62)) + -29?
2
What is the value of 135 + (-89 - (-76 + 63))?
59
(-237 - (-591 - -489)) + 6 + (1 - (1 - -2))
-131
Evaluate (-71 - -7) + (32 - (-29 - -41)).
-44
Evaluate 4 + 2 - (1291 - 1277).
-8
Calculate 4 + (-5 + 11 - 2 - -27 - -2).
37
What is the value of (1 - 19) + (-20 - (14 - 38 - -19))?
-33
0 + 138 + (-79 - -82) - (15 - (18 + -10))
134
(6741 - 6743) + (-72 - 1)
-75
Evaluate 6 + 23 + 130 - (19 + 6).
134
Evaluate (-2 - -56) + (-8323 - -8348).
79
(-127 - 0) + (627 - 433 - 211)
-144
Evaluate (31 - 17) + -21 - -17 - (1 + -12).
21
7 + -19 + -2 + 0 + (36 - -2)
24
Evaluate (-2 - (15 - (8 + 7)) - 1) + (32 - 0).
29
Evaluate (0 - -3) + -79 + 37 + 26 + -32 + -24.
-69
Calculate 2 + -14 - (-64 + 72 + -38).
18
Evaluate (0 - (2 + (-11 - -8))) + 65 + (-2 - 2).
62
Calculate -30 + 14 - ((-3 - -19) + -48) - -74.
90
50 + (10 - (26 + -16)) - (-2 + 8)
44
What is the value of (-91 - (1 + -41 - 24)) + -1 + -8?
-36
What is the value of 27 - 32 - (-40 - -3) - (-17 + 29)?
20
-8 + 1 + 7 + -2 + -5 + 14 + -1
6
(0 - -3) + 3 - ((-20 - -55) + 24)
-53
Evaluate -12 + (2 + (-68 - -1) - (52 + -42 + -8)).
-79
-33 - (-51 - (-17 + 18))
19
What is -38 - (-2 - 5) - (26 + -28 - -6)?
-35
Evaluate -28 + 4 + (1 - 7) - (-17 - -29).
-42
What is the value of -83 - 3 - (303 - 468)?
79
(21 + (12 - 25) - 21) + 27 + 6 + -19
1
Evaluate (3 - (-5 + -13)) + (-342 - -299).
-22
Calculate -106 + 87 - (0 - 63) - (2 + -1 + 1).
42
What is -8 + 45 - 42 - (-17 - -94)?
-82
What is the value of (7 - (6 - -13)) + -5 + (-20 - 4)?
-41
What is 85 - (-19 - ((7 - -5) + -19 + (4 - 6)))?
95
((-36 - -4) + 11 - -12) + -9
-18
-71 - (12 + 60 + -154)
11
What is the value of 30 + (-53 + 17 - -52)?
46
What is the value of (-25 - (22 + 60)) + 104?
-3
What is 1 + (4 - 44) + (79 - 108) + 24?
-44
What is the value of 6 + (69 - 27 - 51 - (1 - 12))?
8
What is 63 - (74 + (-85 - -176))?
-102
Calculate 68 - ((-19 - -32) + 1) - 7.
47
Evaluate -145 + 152 + -5 + (-9 - -3) + (1 - 59).
-62
What is the value of 7 - ((2 - 1) + 12) - 10 - (-3 + -7)?
-6
What is (4 - (32 - 13 - 20)) + 29?
34
What is the value of -4 + 92 + (22 - 78)?
32
What is (20 - -26) + -5 + -1 + -14?
26
62 - (2 + 16 + -33) - ((1 - 4) + 4)
76
What is -24 - (6 + 1 + (129 - 103))?
-57
-43 - (11 + 31 - 36)
-49
Calculate -16 + (30 - (-22 + 35 - 19)).
20
What is the value of -869 - -847 - (-6 + 1) - -46?
29
Evaluate 1 + 1 - (-100 - (-97 - 35)).
-30
What is the value of 6 + -20 + 56 - -113 - 40?
115
Calculate 19 - ((-1 - 8) + 2 + 18 + 71).
-63
Calculate -63 + 89 - 77 - -1.
-50
What is (2 - 5) + 27 + -128 + (43 - 33)?
-94
What is 130 + -91 + (4 - (1 + -6 + 3)) + 8?
53
-7 - (-2 + 0) - (-981 + 904)
72
-1 + (1 - (-31 + -11 + -2 + -12))
56
Evaluate -3 + 15 + (-20 - 13) + 6 + 4.
-11
Evaluate (52 - 56) + -3 + ((2 - 3) + -17 - -6).
-19
(1 - (40 - 25)) + 16 + (-7 - -11)
6
What is the value of (-3 + 7 - 0) + (30 - 25) + (1 - 45)?
-35
Evaluate 12 + -13 - ((9 - 18) + 7) - 15.
-14
What is (-26 - (243 - 140)) + 68?
-61
(90 + 93 - 173) + (2 - (-1 - -4)) + -43
-34
-81 + (90 - 25) - -30
14
Calculate (-3 - -3) + -16 - (-324 - -313) - -8.
3
Calculate 15 + (-7 - (-9 + 18)) + 23.
22
50 + (0 + 19 - (56 - 51) - 14) - 0
50
Evaluate 8 + -8 + 0 + 8 + 13 + 0.
21
-5 + -95 + -2 + 90 + -71 + -11
-94
Calculate -2 + (39 + -32 - -23).
28
What is the value of -366 + 368 + (10 - 0) + 23?
35
Calculate -2 + 7 + -87 + -81 + 296.
133
What is -43 + (-22 - ((-150 - 42) + 20))?
107
What is (2 - (2 - -43)) + 266 + -254?
-31
(-476 - -373) + (-4 + 3 - -35)
-69
Calculate -1302 - -1336 - (34 - 2).
2
What is -104 - (-103 + 10 + 52)?
-63
Calculate (-2 - -14) + 0 - (-13 + (-33 - -52)).
6
Evaluate (44 - 44 - (6 - (-56 - -7))) + 2.
-53
Evaluate -27 + 112 + -32 + (-46 - -12).
19
What is (7 - 43) + 11 + 102 + -72?
5
What is the value of (-130 - (1 + -2)) + (404 - -28) + -418?
-115
What is 5 + (-2 - 1 - 34) + -12 + 29 + -12?
-27
(3486 - 3441) + 21 + 2
68
Evaluate 52068 + -52066 + (0 - (1 + 34 + 1)).
-34
Evaluate -57 - -43 - (1 - (0 + -4 + 8)).
-11
Calculate 68 - (-48 - -97) - (3 + -3 + 2 + -13).
30
What is -12 + 1 + (12 - (13 + 10)) - -1?
-21
What is the value of (-3 - -16) + (-34 - (-52 + 25))?
6
-1 - -32 - (330 + -194 + -42)
-63
Calculate 64 - (22 - (13 + -2)).
53
What is -22 - (15 + 86) - -19?
-104
Evaluate -3 + -172 + (-47 - -86) + 11 + 2 + 0.
-123
What is -3 + 0 + -311 + 305 + -2 + 32?
21
What is (-38 - (-23 + (14 - 6))) + 39?
16
Evaluate (-10 - (12 + -18 + 12)) + -82.
-98
-3067 + 3080 + (13 - (-2 + 1 + 0))
27
(-22 - -10) + (20 - 4) + 28 + 7 + 4
43
Evaluate (62 - -4) + -154 + 